s of 12906132?
2, 3, 59, 18229
What are the prime factors of 1052050?
2, 5, 53, 397
What are the prime factors of 487122?
2, 3, 19, 4273
What are the prime factors of 21456773?
13, 1650521
What are the prime factors of 11351443?
23, 493541
What are the prime factors of 111391?
7, 15913
What are the prime factors of 633679?
29, 21851
What are the prime factors of 11729841?
3, 43, 79, 1151
List the prime factors of 53840.
2, 5, 673
List the prime factors of 265375.
5, 11, 193
What are the prime factors of 7365?
3, 5, 491
What are the prime factors of 311132?
2, 77783
List the prime factors of 259890.
2, 3, 5, 8663
List the prime factors of 405929.
89, 4561
What are the prime factors of 26845393?
23, 269, 4339
List the prime factors of 222459.
3, 29, 2557
What are the prime factors of 173224?
2, 59, 367
List the prime factors of 33989907.
3, 7, 53, 30539
List the prime factors of 292721.
11, 13, 23, 89
List the prime factors of 233263.
19, 12277
What are the prime factors of 7315173?
3, 23, 35339
What are the prime factors of 2994335?
5, 598867
List the prime factors of 1942907.
37, 52511
List the prime factors of 2747274.
2, 3, 71, 6449
List the prime factors of 152539.
152539
What are the prime factors of 665392?
2, 7, 13, 457
List the prime factors of 6625904.
2, 199, 2081
What are the prime factors of 72336?
2, 3, 11, 137
What are the prime factors of 9072184?
2, 11, 103093
List the prime factors of 3636787.
7, 11, 73, 647
What are the prime factors of 456102?
2, 3, 25339
What are the prime factors of 12859388?
2, 47, 73, 937
List the prime factors of 731578.
2, 17, 21517
What are the prime factors of 15406563?
3, 5135521
What are the prime factors of 439166?
2, 7, 13, 19, 127
What are the prime factors of 14565603?
3, 13, 28729
List the prime factors of 90763.
17, 19, 281
List the prime factors of 244427.
61, 4007
What are the prime factors of 3784284?
2, 3, 7, 15017
List the prime factors of 10286928.
2, 3, 71437
What are the prime factors of 7613703?
3, 281989
List the prime factors of 1259966.
2, 19, 71, 467
What are the prime factors of 24456?
2, 3, 1019
List the prime factors of 1651061.
443, 3727
List the prime factors of 782913.
3, 29, 8999
List the prime factors of 1319711.
1319711
List the prime factors of 485262.
2, 3, 26959
List the prime factors of 2269527.
3, 13, 58193
List the prime factors of 8057754.
2, 3, 449, 997
List the prime factors of 297638.
2, 11, 83, 163
What are the prime factors of 251744?
2, 7867
What are the prime factors of 166293?
3, 2053
List the prime factors of 37768.
2, 4721
What are the prime factors of 2605601?
23, 113287
What are the prime factors of 634547?
23, 47, 587
What are the prime factors of 6638010?
2, 3, 5, 173, 1279
What are the prime factors of 9730607?
9730607
List the prime factors of 6194687.
1693, 3659
List the prime factors of 106959.
3, 101, 353
What are the prime factors of 703635?
3, 5, 61, 769
List the prime factors of 12210661.
41, 431, 691
What are the prime factors of 1841547?
3, 613849
What are the prime factors of 1178681?
7, 23, 7321
What are the prime factors of 1319977?
659, 2003
List the prime factors of 2777849.
37, 193, 389
What are the prime factors of 31352?
2, 3919
List the prime factors of 2078399.
2078399
List the prime factors of 1894812.
2, 3, 157901
What are the prime factors of 2909071?
11, 19, 31, 449
List the prime factors of 11991.
3, 7, 571
What are the prime factors of 119116?
2, 97, 307
List the prime factors of 382943.
11, 31, 1123
What are the prime factors of 5075653?
11, 157, 2939
List the prime factors of 420210.
2, 3, 5, 7, 23, 29
What are the prime factors of 1259864?
2, 157483
What are the prime factors of 2447900?
2, 5, 7, 13, 269
What are the prime factors of 338754?
2, 3, 13, 43, 101
List the prime factors of 18469075.
5, 347, 2129
List the prime factors of 4946324.
2, 59, 20959
List the prime factors of 314826.
2, 3, 137, 383
What are the prime factors of 472394?
2, 13, 18169
List the prime factors of 329851.
17, 19403
What are the prime factors of 1015361?
1015361
List the prime factors of 360621.
3, 17, 2357
List the prime factors of 1405414.
2, 702707
What are the prime factors of 483610?
2, 5, 137, 353
What are the prime factors of 1623169?
1623169
What are the prime factors of 16958624?
2, 529957
What are the prime factors of 7474284?
2, 3, 207619
List the prime factors of 7847001.
3, 467, 1867
What are the prime factors of 775868?
2, 31, 6257
What are the prime factors of 860843?
860843
List the prime factors of 2108944.
2, 89, 1481
What are the prime factors of 153882?
2, 3, 83, 103
List the prime factors of 5027494.
2, 2513747
List the prime factors of 426318.
2, 3, 41, 1733
List the prime factors of 9416824.
2, 1177103
What are the prime factors of 437954?
2, 11, 17, 1171
What are the prime factors of 256233?
3, 85411
List the prime factors of 7800000.
2, 3, 5, 13
List the prime factors of 13317816.
2, 3, 643, 863
List the prime factors of 3663897.
3, 1221299
List the prime factors of 1334486.
2, 667243
What are the prime factors of 163190?
2, 5, 16319
List the prime factors of 7206639.
3, 11, 19853
List the prime factors of 657915.
3, 5, 23, 1907
What are the prime factors of 8058038?
2, 1117, 3607
List the prime factors of 8192691.
3, 13, 17, 1373
List the prime factors of 457589.
11, 17, 2447
List the prime factors of 4769159.
4769159
What are the prime factors of 15526220?
2, 5, 103, 7537
What are the prime factors of 312911?
19, 43, 383
What are the prime factors of 914443?
914443
What are the prime factors of 18118?
2, 9059
What are the prime factors of 18279019?
11, 29, 57301
What are the prime factors of 788161?
11, 137, 523
What are the prime factors of 556005?
3, 5, 101, 367
List the prime factors of 3731902.
2, 41, 71, 641
What are the prime factors of 2818568?
2, 29, 12149
List the prime factors of 149393.
149393
List the prime factors of 23018281.
11, 13, 160967
List the prime factors of 879042.
2, 3, 239, 613
What are the prime factors of 10961451?
3, 991, 1229
List the prime factors of 232452.
2, 3, 11, 587
List the prime factors of 214426.
2, 29, 3697
List the prime factors of 4019128.
2, 211, 2381
What are the prime factors of 4370199?
3, 83, 17551
What are the prime factors of 1617185?
5, 19, 29, 587
What are the prime factors of 449468?
2, 313, 359
What are the prime factors of 282380?
2, 5, 7, 2017
What are the prime factors of 354285?
3, 5, 7873
List the prime factors of 3670998.
2, 3, 611833
List the prime factors of 124490.
2, 5, 59, 211
List the prime factors of 23058291.
3, 73, 211, 499
List the prime factors of 336923.
17, 19819
List the prime factors of 1908569.
13, 19, 7727
List the prime factors of 239113.
7, 34159
List the prime factors of 20013384.
2, 3, 19, 43889
List the prime factors of 5102014.
2, 89, 28663
List the prime factors of 27447883.
797, 34439
What are the prime factors of 10223691?
3, 19, 83, 2161
List the prime factors of 165564.
2, 3, 7, 73
List the prime factors of 4432020.
2, 3, 5, 73867
What are the prime factors of 4626380?
2, 5, 11, 17, 1237
What are the prime factors of 5912869?
1753, 3373
What are the prime factors of 8650291?
13, 653, 1019
What are the prime factors of 8778733?
1699, 5167
What are the prime factors of 9904819?
9904819
What are the prime factors of 36438?
2, 3, 6073
What are the prime factors of 25564115?
5, 41, 124703
What are the prime factors of 590044?
2, 7, 13, 1621
List the prime factors of 5841394.
2, 13, 224669
List the prime factors of 10300076.
2, 2575019
What are the prime factors of 3943976?
2, 439, 1123
What are the prime factors of 254764?
2, 63691
List the prime factors of 2012275.
5, 80491
List the prime factors of 545587.
7, 41, 1901
What are the prime factors of 145862?
2, 72931
What are the prime factors of 7546036?
2, 1886509
What are the prime factors of 4217670?
2, 3, 5, 41, 127
List the prime factors of 84940.
2, 5, 31, 137
What are the prime factors of 105755?
5, 13, 1627
What are the prime factors of 11242570?
2, 5, 691, 1627
List the prime factors of 2828214.
2, 3, 71, 2213
List the prime factors of 18605.
5, 61
What are the prime factors of 893224?
2, 111653
List the prime factors of 950787.
3, 89, 1187
List the prime factors of 503336